-95 - -149. Calculate the highest common divisor of v and o.
18
Let d(s) = -s**3 - 5*s**2 - 6*s - 6. Let w be d(-5). What is the highest common divisor of w and 3?
3
Let z(n) = -40*n - 5. Let a be z(-2). What is the greatest common divisor of a and 25?
25
Let i be (-2)/(-5) - 478/(-5). Let o = 89 + -25. Let a = i - o. Calculate the highest common factor of a and 4.
4
Suppose 5*u + 36 - 101 = 0. Suppose -2*t = -7*y + 5*y - 60, -5*t = 4*y - 114. Calculate the greatest common factor of u and t.
13
Let b = 35 + -24. Let k = -9 + b. Let h be ((-18)/(-4) + 1)*k. Calculate the greatest common divisor of h and 44.
11
Let r = -254 - -265. Let v = 121 + -44. Calculate the highest common factor of r and v.
11
Let q be 1615/45 - (-2)/18. Calculate the greatest common factor of q and 54.
18
Let h(r) = -14*r - 37. Let l be h(-3). Let o = 423 - 248. Suppose 0 = -2*w - 3*w + o. Calculate the highest common divisor of w and l.
5
Let t = -20 - -22. What is the highest common divisor of 10 and t?
2
Suppose 2*n - 4 - 4 = 0. Suppose 5*k + 364 = 2*r, r - 265 - 25 = n*k. Let y = k - -122. What is the greatest common factor of y and 10?
10
Suppose 83*g = 84*g - 12. Calculate the greatest common factor of g and 4.
4
Let k(q) = -q**2 - 10*q + 3. Let i be k(-7). Calculate the greatest common divisor of 60 and i.
12
Let y = -1 + 4. What is the highest common factor of 3 and y?
3
Let h = -79 + 113. What is the highest common factor of 170 and h?
34
Let g(a) = -a + 40. Let m be g(20). What is the greatest common divisor of m and 60?
20
Suppose 0 = t + 3*b + 6 - 30, 0 = -2*t - 3*b + 39. Let r = t + 2. What is the greatest common factor of r and 68?
17
Let f be (-2 - -2) + -1 - -14. Let r be 20/6*156/10. Suppose 3*x + f = r. Calculate the greatest common divisor of 13 and x.
13
Let k be ((-36)/(-21))/(4/14). Let j be (16/(-6))/(k/(-153)). Calculate the greatest common factor of j and 17.
17
Suppose 4*y - 5*u - 94 = y, 0 = 2*y - 4*u - 64. What is the highest common divisor of 252 and y?
28
Let i = 41 - -129. Suppose -2*f - i = 1046. Let c be f/24*6/(-4). Calculate the greatest common factor of 57 and c.
19
Let u = -225 - -234. Let p be (0/2 + -9)*-2. Calculate the greatest common divisor of p and u.
9
Suppose 6*w - 124 = -34. What is the greatest common divisor of 165 and w?
15
Let d(w) = 3*w**2 + w**2 - 1 + 4 - 3*w. Let c be d(2). What is the highest common divisor of 104 and c?
13
Let g be 4*(2/(-6))/((-12)/117). Calculate the greatest common factor of 65 and g.
13
Suppose j + 2*j - 84 = 0. Suppose 3*f - f = j. What is the highest common divisor of f and 56?
14
Suppose -x + 8 = x. Calculate the greatest common divisor of x and 32.
4
Let y be ((-12)/(-16))/(2/8). Suppose -4*u - 5*k = -23, 4*k + 2 - 20 = -y*u. Calculate the greatest common divisor of 4 and u.
2
Let k(m) = m**2 + m + 1. Let t be k(-3). Let u = 14 + 7. What is the greatest common divisor of t and u?
7
Let c = -14 - -59. Let l = 85 - c. Calculate the greatest common factor of 8 and l.
8
Let d = 66 - 57. Calculate the greatest common divisor of 45 and d.
9
Let s be (14/(-56) + (-11)/4)*-12. Calculate the greatest common divisor of s and 6.
6
Let k be (2/(-5))/(1/(-20)). Suppose u - 1 = 2. Suppose -u*r = -37 - k. Calculate the highest common factor of r and 5.
5
Let j = 376 + -224. What is the greatest common factor of j and 8?
8
Suppose -2*r + 3*k + 43 = 0, 5*k - 17 = -r - 2. Suppose 0 = 2*t - 121 + 1. What is the highest common factor of t and r?
20
Suppose 4*b + 9 = 3*y - 13, -4 = -2*b. Calculate the greatest common divisor of 2 and y.
2
Let j be 2 - 3 - (2 - 3). Suppose 2*i - 10 = -j*i. Suppose 0*g + 335 = 3*w - g, 0 = 5*w + i*g - 565. Calculate the greatest common factor of 14 and w.
14
Let x(a) = -10*a + 1. Suppose 0*b + 2 = -4*b + 2*g, -3*g - 3 = 0. Let i be x(b). What is the greatest common factor of i and 77?
11
Let i = -3 + -2. Let o = i - -7. Suppose -5*q + 23 = 4*s, 14 = -q + 5*q + s. Calculate the greatest common factor of o and q.
1
Let x(h) = -h**2 + 5*h - 2. Let p be x(5). Let g be p - (2 - 4) - 1. Let y be (10/4)/(g/(-4)). What is the greatest common factor of y and 70?
10
Let k = 25 - 19. What is the greatest common factor of k and 6?
6
Let u(k) = -5*k - 59. Let f be u(-19). What is the greatest common factor of 108 and f?
36
Let d be 62/(-6) - 9/(-27). Let x(u) = -4*u - 7. Let z be x(d). Let l = z + -21. Calculate the greatest common factor of 6 and l.
6
Let q = 18 - 15. Calculate the greatest common factor of q and 3.
3
Suppose -2*r + 5*r + 21 = 2*n, 27 = 4*n - r. Let s = -6 + 48. Calculate the highest common divisor of s and n.
6
Let o be (0 - 10/(-4))*8. Let g(v) = -2*v + 26. Let m be g(11). Calculate the greatest common factor of o and m.
4
Let q = 12 - 5. Let r be (-1 - 1) + 6/1. Suppose 21 = 3*h - r*z, 3*h + z = -3*z + 21. Calculate the greatest common divisor of q and h.
7
Let b = 170 - 66. Suppose b = 4*x - 424. Let h = -12 - -24. Calculate the greatest common factor of h and x.
12
Let p = 271 - 47. Calculate the highest common factor of p and 28.
28
Suppose -10 = -4*p + 10, 0 = 5*j - 4*p. Let i be (-4)/(-3)*(-2 - -5). Calculate the highest common factor of i and j.
4
Suppose 2*c - 51 + 17 = 0. What is the greatest common divisor of c and 153?
17
Let f(k) = 2*k**3 + 3*k**2 + k + 5. Let w(h) = -h**3 - h**2 + 1. Let g(t) = f(t) + 3*w(t). Let i be g(0). Calculate the highest common factor of i and 2.
2
Let m(t) = 2*t**2 + 6*t + 6. Let w be m(-4). What is the highest common factor of 112 and w?
14
Suppose -h - 3*h = -96. Calculate the highest common factor of h and 12.
12
Let f = -7 + 28. Calculate the highest common factor of 126 and f.
21
Suppose 12*d - 3 = 8*d + 5*b, -4*d = 3*b - 11. What is the highest common factor of 1 and d?
1
Let s(d) = -5*d + 14. Let b be s(-2). What is the greatest common divisor of 3 and b?
3
Let m(f) = 9*f**2 - 2*f + 2. Suppose -3*g - 9 - 9 = -3*j, -j = -3*g - 10. Let s = 1 - g. Let b be m(s). Calculate the highest common divisor of b and 7.
7
Let x be (-4 + 45/10)*242. What is the highest common factor of 11 and x?
11
Let o = -8 - -43. What is the highest common divisor of o and 35?
35
Let j = -4 + 9. Let z be (-6)/(-15) + (-32)/j. Let p = 4 - z. Calculate the greatest common factor of 10 and p.
10
Suppose -5*d - 4*v + 3*v = -28, 0 = 3*v + 6. Let r be ((-2)/6)/(d/(-738)). Let o be r + 2*1/(-2). Calculate the greatest common divisor of o and 8.
8
Let s(p) = 2*p**2 + 8*p + 14. Let f be s(-5). What is the greatest common divisor of 192 and f?
24
Suppose 5*j - 5 = 2*v - 2, -j + v = 0. Let p = 3 - j. Let o = -10 - -12. What is the highest common divisor of o and p?
2
Let x(n) = n**3 - 4*n**2 - 4*n - 2. Let q be x(6). Let m be 68 + (-1)/(-4 + (-6)/(-2)). Calculate the greatest common divisor of q and m.
23
Let u(l) = l + 34. Let w be u(-14). What is the greatest common divisor of 100 and w?
20
Suppose 4*f = 4*m - 192, 12 = -3*f - f. Let r = m + -27. What is the highest common divisor of r and 126?
18
Let s = 3 - -1. Let l be (-19 + s)*78/(-10). Calculate the greatest common divisor of l and 13.
13
Let t(x) = 3*x - 1. Let l(o) = 3*o**2 + o. Let g be l(-1). Let f be t(g). Let j be 1*2/2 + f. What is the highest common divisor of j and 2?
2
Let o be 10/3 - (-2)/(-6). Suppose -d + 68 = o*d. Let c = -9 + d. Calculate the greatest common divisor of c and 2.
2
Suppose 8 - 23 = -5*r. What is the highest common divisor of 6 and r?
3
Suppose 4*t - 3*r - 67 = 0, -2*t + 26 = -0*t - 4*r. Let z = -4 - -61. What is the greatest common factor of t and z?
19
Let h(t) = -80*t**2 - 2*t - 1. Let c be h(-1). Let y = -43 - c. What is the greatest common factor of 4 and y?
4
Let w = -1 + 0. Let v(t) = -t**3 + t + 1. Let s be v(w). Let g be (20/(-4))/((-1)/(-1) - 2). Calculate the greatest common divisor of g and s.
1
Let u be 9/2 + (-1)/2. Suppose u*j - 8*j = -16. Suppose -6*t + 3*t - 18 = -3*r, 4*r + 3*t = 52. Calculate the highest common divisor of r and j.
2
Let c be ((54/(-4))/(-3))/(6/8). Calculate the highest common factor of c and 4.
2
Let w(n) = -33*n + 6. Let c be w(-3). What is the highest common divisor of 21 and c?
21
Let t(p) = p**2 - 12*p - 1. Let q = 7 + 6. Let v be t(q). What is the greatest common factor of v and 60?
12
Suppose 58 = 2*m - 8. What is the greatest common